 base 14.
-23daa
582a17 (base 14) to base 8
13353015
49633b (base 12) to base 6
41322115
Convert 101123120130 (base 4) to base 12.
1643a50
-13030231103 (base 4) to base 8
-7145523
What is 58768 (base 9) in base 11?
27557
11022212221000 (base 3) to base 11
1331589
-11540503 (base 6) to base 13
-cca41
What is -7352858 (base 9) in base 15?
-52a168
What is 10242300202 (base 5) in base 3?
202111210001122
Convert 3104240 (base 7) to base 6.
11542432
Convert -132031100 (base 4) to base 5.
-12424403
What is -3405668 (base 9) in base 2?
-110111111111011011000
What is -121102011022002 (base 3) in base 4?
-201101210033
84175 (base 11) to base 9
206223
-202011021001200 (base 3) to base 11
-6057679
What is 18bc9f (base 16) in base 10?
1621151
What is 12406 (base 15) in base 5?
3331111
Convert -2221212020121 (base 3) to base 8.
-5776076
Convert 5a4882 (base 11) to base 2.
11101001111001011111
What is a0a78 (base 11) in base 9?
244546
What is 1a7d3 (base 16) in base 10?
108499
What is -11451104 (base 7) in base 2?
-11111001001110010101
414530 (base 11) to base 4
2202103213
What is -1101101101011100010 (base 2) in base 10?
-449250
a8c064 (base 13) to base 7
45504055
Convert 1004020402 (base 5) to base 9.
3713685
What is 207217 (base 12) in base 13?
14b21c
Convert -28454842 (base 9) to base 14.
-1c2ac17
16a5c (base 13) to base 16
a9f6
What is -1105111 (base 6) in base 16?
-d903
-405603 (base 7) to base 2
-10000111001111000
Convert 1001010100100011101 (base 2) to base 14.
7d44d
-40a22 (base 11) to base 6
-1140502
What is -2716790 (base 11) in base 8?
-21720044
What is 2312300 (base 4) in base 9?
17035
143851 (base 9) to base 7
515032
Convert 3352 (base 9) to base 12.
1525
What is -11011101101101100 (base 2) in base 8?
-335554
What is -90822 (base 11) in base 15?
-2950b
What is -3524601 (base 7) in base 3?
-211112022010
852852 (base 9) to base 15
a04d5
Convert -4378251 (base 10) to base 7.
-52133403
Convert -4242110 (base 7) to base 8.
-1754774
What is -5ae385 (base 15) in base 12?
-155a05b
66399 (base 11) to base 8
274057
What is -72181a (base 12) in base 8?
-6640526
Convert 5863640 (base 10) to base 14.
ac8c76
Convert 34316 (base 12) to base 5.
4211240
What is 1874125 (base 9) in base 15?
15be05
Convert 24141300 (base 5) to base 4.
312310333
What is -22012110122 (base 3) in base 4?
-213122222
Convert -240d5 (base 15) to base 3.
-12211200102
-364132 (base 8) to base 4
-132201122
Convert 1ee30f (base 16) to base 12.
8174bb
What is 1b1abe (base 16) in base 12?
717b66
Convert -17341 (base 15) to base 3.
-10210212021
Convert 11bb24 (base 15) to base 2.
11001111011011100010
4a7191 (base 12) to base 11
75a96a
-1110100100000111010 (base 2) to base 15
-96612
Convert -63a03 (base 13) to base 16.
-2bdc2
What is -6b3943 (base 12) in base 2?
-110100101110010000011
2789794 (base 10) to base 8
12510642
1001010111100010110111 (base 2) to base 4
21113202313
What is 10111000011111011111 (base 2) in base 11?
476831
Convert -30b3a12 (base 13) to base 7.
-236552061
Convert -5363 (base 8) to base 7.
-11113
44b33 (base 15) to base 4
311112123
What is 23133146 (base 7) in base 11?
1163590
What is -22201202021 (base 3) in base 2?
-101001111101010110
What is -1042761 (base 10) in base 7?
-11602056
What is -161604c (base 14) in base 11?
-6114871
960ab (base 15) to base 8
1641604
What is -c516c (base 15) in base 10?
-624702
110011111011000011 (base 2) to base 4
303323003
What is -1d0a3b (base 14) in base 16?
-fdb8d
-5b6089 (base 14) to base 13
-856b70
-3132002 (base 5) to base 7
-304655
-5c043b (base 14) to base 10
-3150949
Convert -7132673 (base 8) to base 15.
-272756
What is -3320200011 (base 4) in base 14?
-1c6d25
What is 1010100101011110110111 (base 2) in base 12?
b19a73
What is -11122312011 (base 4) in base 6?
-50241113
What is 47b5a (base 12) in base 9?
156567
What is 1152665 (base 11) in base 10?
2009276
-525711 (base 10) to base 12
-214293
564200 (base 7) to base 11
69079
What is -32145241 (base 6) in base 11?
-597763
Convert 3330342 (base 6) to base 4.
220312112
Convert 212131310 (base 4) to base 10.
157556
Convert 14330512 (base 6) to base 3.
221002120222
110010101001000011111 (base 2) to base 3
10010022022010
What is -23222111300 (base 4) in base 9?
-5668375
What is -2012101122 (base 3) in base 6?
-532242
-780453 (base 14) to base 7
-46422333
What is 12a64 (base 12) in base 5?
1310313
-234251343 (base 6) to base 14
-82a607
-11247 (base 16) to base 12
-34773
-a28767 (base 11) to base 7
-20015314
What is 2202203001 (base 4) in base 12?
281369
What is -41854 (base 13) in base 12?
-5825a
42227 (base 8) to base 3
220002100
Convert 123010131 (base 4) to base 6.
2213153
3f6ea9 (base 16) to base 11
238a31a
-1112434420 (base 5) to base 4
-21122210032
-35831 (base 11) to base 3
-2121202101
Convert -3255042 (base 10) to base 12.
-110b856
What is -10112210222011 (base 3) in base 11?
-10789a5
Convert -1a188 (base 13) to base 10.
-50812
Convert -2402103 (base 6) to base 10.
-124887
What is 5014312 (base 7) in base 12?
24683a
-5b3552 (base 12) to base 6
-51403342
What is 754865 (base 9) in base 10?
449771
Convert 3b5c3 (base 14) to base 11.
a0148
344642 (base 7) to base 10
61721
Convert -101011110001111101110011 (base 2) to base 15.
-101a836
Convert -1001010011110000100 (base 2) to base 15.
-605a3
580874 (base 11) to base 13
264413
What is 77b4a (base 13) in base 8?
650213
c2499 (base 14) to base 11
29a189
-2110130321 (base 4) to base 11
-38592a
Convert 814ba (base 15) to base 5.
101100300
Convert 3963c (base 13) to base 14.
2ab69
Convert 2212221120122 (base 3) to base 10.
1534238
Convert 3280051 (base 12) to base 11.
5481908
243411 (base 6) to base 13
9a57
-22020222111 (base 3) to base 12
-7a0a1
-54414215 (base 7) to base 11
-26a2769
266351 (base 7) to base 13
19b53
-1432645 (base 8) to base 13
-1132ca
-1001011011011101011111 (base 2) to base 13
-6870b7
What is 6203353 (base 7) in base 13?
1cc1c8
What is -43a3a (base 11) in base 2?
-1111100101000010
Convert -117c84 (base 13) to base 14.
-ac161
1001011111010 (base 2) to base 4
1023322
What is 87d7 (base 16) in base 11?
24144
3230431320 (base 5) to base 8
32220161
Convert -2313211210 (base 4) to base 3.
-1102012111211
Convert -110331323 (base 5) to base 7.
-4040016
What is -1448971 (base 12) in base 6?
-223234221
What is 2e0d6c (base 16) in base 10?
3018092
211000211221 (base 3) to base 4
1221313231
What is -71853 (base 10) in base 7?
-416325
-51150041 (base 6) to base 12
-5a5321
What is -d177c0 (base 15) in base 14?
-146d46c
1229403 (base 13) to base 3
101121220012000
-10001001000110001101 (base 2) to base 8
-2110615
-2c0c73 (base 14) to base 4
-11313300111
111121210010121 (base 3) to base 8
33472633
Convert -4041201 (base 5) to base 4.
-33322120
What is 220221100010 (base 3) in base 15?
9a693
-c1a5 (base 13) to base 8
-64054
What is 93854 (base 11) in base 8?
413125
What is -4612982 (base 10) in base 4?
-101212031312
Convert 51413 (base 14) to base 10.
195625
What is 2121333 (base 6) in base 4?
121121121
-1063868 (base 9) to base 10
-573704
-4850088 (base 9) to base 12
-a6a715
Convert -21a0418 (base 11) to base 12.
-135877a
22431404 (base 6) to base 10
688540
What is -2020022102122 (base 3) in base 16?
-121d36
33522420 (base 6) to base 13
29a14a
Convert 3b0434 (base 14) to base 3.
10211111001221
What is -10011000111101110 (base 2) in base 7?
-444222
41688 (base 11) to base 4
32310231
-101011101100110010110 (base 2) to base 10
-1431958
Convert -930979 (base 13) to base 7.
-41100625
Convert -b341c8 (base 13) to base 6.
-225323203
Convert -15564214 (base 7) to base 6.
-52222354
Convert -10020102110121 (base 3) to base 11.
-a75936
Convert 152b28 (base 15) to base 13.
29a0c2
Convert 1010011110100101000000 (base 2) to base 5.
1200343223
What is -143174 (base 8) in base 2?
-1100011001111100
What is -111200200220 (base 3) in base 8?
-1016307
Convert 1010101001010110100001 (base 2) to base 13.
769393
-693a6 (base 16) to base 3
-210220020111
Convert 2c21a7 (base 14) to base 11.
963977
Convert 202212330 (base 4) to base 12.
6a050
Convert 49ee42 (base 15) to base 4.
31201020203
6a724 (base 12) to base 11
98267
303265 (base 7) to base 16
c98b
What is a3190 (base 11) in base 6?
3121155
What is -13401888 (base 9) in base 5?
-3143134240
16ce8aa (base 